{"id":35897,"date":"2019-06-10T23:24:49","date_gmt":"2019-06-10T23:24:49","guid":{"rendered":"http:\/\/travelsafe.nl\/assortiment\/unkategorisiert\/summit-25-ltr-blau\/"},"modified":"2023-05-12T10:54:29","modified_gmt":"2023-05-12T10:54:29","slug":"summit-25-ltr-blau","status":"publish","type":"product","link":"https:\/\/travelsafe.nl\/de\/assortiment\/reise-zubehr\/reisetaschen\/ruckscke\/summit-25-ltr-blau\/","title":{"rendered":"Tagesrucksack Summit \u2013 25 Liter \u2013 Blau"},"content":{"rendered":"<p>Neuer City- oder Tagesrucksack mit vielen Extras, ideal f\u00fcr St\u00e4dtereisen oder l\u00e4ngere Wandertouren. Der Rucksack bietet ausreichend Platz f\u00fcr das notwendige Gep\u00e4ck. Die R\u00fcckenpolsterung des Summit ist mit einem speziellen Mesh-Bezug zur optimalen Bel\u00fcftung und zur Vermeidung eines nassen R\u00fcckens versehen. Die komfortablen Schultergurte bieten in Kombination mit dem H\u00fcftgurt einen perfekten Tragekomfort. Sonstige Details: Organizer-F\u00e4cher (Handy), Mesh-Taschen, zus\u00e4tzliche Rei\u00dfverschlussf\u00e4cher. Auch in den Farben Schwarz (TS2211.0011).<\/p>\n<p>TravelSafe ist spezialisiert auf funktionelle Leichtgewicht Artikel, die dem Reisenden viel Komfort bieten.<\/p>\n<p>Nach den im letzten Jahr eingef\u00fchrten leichtgewichtigen JFK Travelpacks bietet TravelSafe im kommenden Jahr eine Serie funktioneller R\u00fccks\u00e4cke und Tages-\/Wander-rucks\u00e4cke an. Alle Rucks\u00e4cke bieten viele Extras, wie Regenschutz, R\u00fcckenbel\u00fcftungssystem, viele praktische Rei\u00dfverschlussf\u00e4cher und Trinksystem. Kurzum, f\u00fcr jedes Reiseziel den richtigen Rucksack \u2013 selbstverst\u00e4ndlich aus den besten Materialien.<\/p>\n<p>Abmessungen: 49 x 26 x 16 cm<br \/>\nInhalt:\u00a0 \u00a0 \u00a0 \u00a0 \u00a0 \u00a0 \u00a0 \u00b1 25 Liter<br \/>\nGewicht:\u00a0 \u00a0 \u00a0 \u00a0 \u00a0 750 g<br \/>\nMaterial:\u00a0 \u00a0 \u00a0 \u00a0 \u00a0 420D lightweight ripstop poly<br \/>\nFarbe :\u00a0 \u00a0 \u00a0 \u00a0 \u00a0 \u00a0 \u00a0 Blau<\/p>\n","protected":false},"excerpt":{"rendered":"<p>Neuer City- oder Tagesrucksack mit vielen Extras, ideal f\u00fcr St\u00e4dtereisen oder l\u00e4ngere Wandertouren. Der Rucksack bietet ausreichend Platz f\u00fcr das notwendige Gep\u00e4ck.&hellip;<\/p>\n","protected":false},"featured_media":34542,"template":"","meta":{"_acf_changed":false},"product_brand":[],"product_cat":[2364,2561,2570],"product_tag":[],"class_list":{"0":"post-35897","1":"product","2":"type-product","3":"status-publish","4":"has-post-thumbnail","6":"product_cat-reise-zubehr","7":"product_cat-reisetaschen","8":"product_cat-ruckscke","10":"first","11":"instock","12":"purchasable","13":"product-type-simple"},"acf":[],"_links":{"self":[{"href":"https:\/\/travelsafe.nl\/de\/wp-json\/wp\/v2\/product\/35897","targetHints":{"allow":["GET"]}}],"collection":[{"href":"https:\/\/travelsafe.nl\/de\/wp-json\/wp\/v2\/product"}],"about":[{"href":"https:\/\/travelsafe.nl\/de\/wp-json\/wp\/v2\/types\/product"}],"wp:featuredmedia":[{"embeddable":true,"href":"https:\/\/travelsafe.nl\/de\/wp-json\/wp\/v2\/media\/34542"}],"wp:attachment":[{"href":"https:\/\/travelsafe.nl\/de\/wp-json\/wp\/v2\/media?parent=35897"}],"wp:term":[{"taxonomy":"product_brand","embeddable":true,"href":"https:\/\/travelsafe.nl\/de\/wp-json\/wp\/v2\/product_brand?post=35897"},{"taxonomy":"product_cat","embeddable":true,"href":"https:\/\/travelsafe.nl\/de\/wp-json\/wp\/v2\/product_cat?post=35897"},{"taxonomy":"product_tag","embeddable":true,"href":"https:\/\/travelsafe.nl\/de\/wp-json\/wp\/v2\/product_tag?post=35897"}],"curies":[{"name":"wp","href":"https:\/\/api.w.org\/{rel}","templated":true}]}}

<p>Neuer City- oder Tagesrucksack mit vielen Extras, ideal für Städtereisen oder längere Wandertouren. Der Rucksack bietet ausreichend Platz für das notwendige Gepäck. Die Rückenpolsterung des Summit ist mit einem speziellen Mesh-Bezug zur optimalen Belüftung und zur Vermeidung eines nassen Rückens versehen. Die komfortablen Schultergurte bieten in Kombination mit dem Hüftgurt einen perfekten Tragekomfort. Sonstige Details: Organizer-Fächer (Handy), Mesh-Taschen, zusätzliche Reißverschlussfächer. Auch in den Farben Schwarz (TS2211.0011).</p>
<p>TravelSafe ist spezialisiert auf funktionelle Leichtgewicht Artikel, die dem Reisenden viel Komfort bieten.</p>
<p>Nach den im letzten Jahr eingeführten leichtgewichtigen JFK Travelpacks bietet TravelSafe im kommenden Jahr eine Serie funktioneller Rücksäcke und Tages-/Wander-rucksäcke an. Alle Rucksäcke bieten viele Extras, wie Regenschutz, Rückenbelüftungssystem, viele praktische Reißverschlussfächer und Trinksystem. Kurzum, für jedes Reiseziel den richtigen Rucksack – selbstverständlich aus den besten Materialien.</p>
<p>Abmessungen: 49 x 26 x 16 cm<br />
Inhalt:              ± 25 Liter<br />
Gewicht:          750 g<br />
Material:          420D lightweight ripstop poly<br />
Farbe :              Blau</p>

<p>Neuer City- oder Tagesrucksack mit vielen Extras, ideal für Städtereisen oder längere Wandertouren. Der Rucksack bietet ausreichend Platz für das notwendige Gepäck.&hellip;</p>
